+ 37*v**2 - 69*v**2 - 3 - 1. Determine w(4).
12
Let q(r) = -r**2 - 7*r - 1. Suppose -14 = 5*u - 3*t + 10, 0 = 2*t + 4. Determine q(u).
5
Let l(i) = i**3 + 5*i**2 - 6*i + 6. Suppose -5 = -4*f - 5. Suppose f = -4*z + 3*z - 6. Calculate l(z).
6
Let v be (-6)/5*(-21 - -6). Suppose 245*y = 243*y - v. Let a(x) = x**3 + 9*x**2 - x - 13. Give a(y).
-4
Let s(g) = -2*g**2 - 3*g + 5. Let l(b) = b**2 + b - 4. Let u(t) = -9*l(t) - 4*s(t). Give u(7).
-12
Suppose -3*c = 5*n + 6 + 4, 0 = -4*c. Let m(v) = 9*v**2 + 2*v + 1. Calculate m(n).
33
Let r(j) be the second derivative of j**4/12 + j**2 + j. Suppose 0 = 2*f + t - 1, -4*t - 1385 = 4*f - 1377. Calculate r(f).
11
Suppose -6 = 8*k - 70. Let n(g) = -k + 68*g**2 - 2*g + 1 - 67*g**2. Give n(6).
17
Suppose 0 = -3*s - 5*q - 11, -2 - 5 = 3*s + 4*q. Let p(r) = -6*r**2 - 15*r**s - 9*r**3 + 5*r - 2 + 25*r**3. Suppose 2*w + 1 - 11 = 0. What is p(w)?
-2
Let t(i) be the third derivative of 1/24*i**4 + 0*i + 35*i**2 + 0 - i**3. Determine t(0).
-6
Let y(z) = 12*z**2 - 8*z**2 + 4*z - 7 - 4*z**3 + 3*z**3. Let w(a) be the third derivative of a**4/12 - 3*a**3/2 + 8*a**2. Let t be w(7). Calculate y(t).
-12
Suppose 5*i + 10 = 5*m, 53*m = 48*m + 25. Let x(u) be the second derivative of 0 + 7/6*u**i + 3/2*u**2 + 2*u. Determine x(-2).
-11
Let t(i) = i**2 - i + 32. Suppose 20*s = -7*s. Determine t(s).
32
Let u be 1/(6/5 - 1). Let g(c) = 101*c - 96*c - 1097*c**2 + 2198*c**2 - 1102*c**2. Determine g(u).
0
Let j(f) be the first derivative of 4*f**3/3 - f**2/2 - 6*f - 5. Let r(x) = 1. Let i(l) = -j(l) - 6*r(l). Determine i(2).
-14
Let b(d) be the second derivative of d**3/6 + d**2/2 - 98*d. Calculate b(12).
13
Let w be 8/(1 + 1) - -27. Suppose -5*p - w = -41. Let g(n) = 2 + 0 - 3*n + p*n. What is g(3)?
-1
Suppose -5*h = -8 - 32. Let o = -1 + h. Let c(u) = -7*u**2 - 1 + 11*u**3 - 10*u**3 + 0*u**2. Calculate c(o).
-1
Suppose -333*a + 12 = -329*a. Let p(m) be the second derivative of -m**4/12 + m**3/3 + m**2 - m. What is p(a)?
-1
Let c(t) = 7*t - 53. Let s be c(7). Let v(a) = a + 8. Determine v(s).
4
Let z be (-27)/(-5) + 7/(245/21). Let b(w) = -17*w + 3. Let p(j) = -9*j + 1. Let s(a) = z*b(a) - 11*p(a). Give s(6).
-11
Let c(f) = 3*f - 24. Suppose -45*t + 7*t + 380 = 0. Determine c(t).
6
Let g(s) = s**2 - 5*s + 4. Let t(p) = -p + 1. Let w(x) = -g(x) + 5*t(x). Suppose -5*r = 2*b + 13, -b - r + 1 - 12 = 0. Let c = b + 14. Calculate w(c).
1
Let d = -17 + 19. Let b(q) = -3*q - d*q + 3*q - 4*q. What is b(2)?
-12
Let l(h) = -h**2 + 2*h - 1. Let s(q) = q**2 - 14*q - 9. Let w(k) = -2*l(k) - s(k). Calculate w(-8).
-5
Let j = 11 - 5. Let t(w) = -w**2 - 8*w + 3. Let m(u) = -3*u**2 - 16*u + 3. Let h(x) = -2*m(x) + 5*t(x). Determine h(j).
-3
Let k(t) = -t - 1. Suppose 0 = 5*p - 3*i - 25, 3*i + 2*i = 2*p - 29. Let r be (1/(-3))/(4/(-24)). Suppose -w = -r*y - 1, p*w - 9 = 3*w + 3*y. Give k(w).
2
Let s be (-2)/(-9) + (-6)/27. Let h = -5 + s. Let n(r) be the third derivative of r**5/60 + r**4/12 - r**3/6 + 68*r**2 + 2*r. Give n(h).
14
Let a(m) = -m**3 - m**2 - m + 23. Suppose 0 = 6*c - 26 - 82. Let s = 18 - c. Determine a(s).
23
Let p(y) = -y**2 + 52. Let n(k) = k**2 - 24*k + 16. Let t be n(23). Calculate p(t).
3
Let g(y) = -2*y**3 + 4*y**2. Let j be g(2). Let s(p) = -p**3 - p**2 + 3*p + 2. Give s(j).
2
Let h(x) = 6*x**3 - 1. Let g(r) = -r**2 + r - 43. Let l be g(0). Let t = l - -44. Give h(t).
5
Let a(d) be the second derivative of d**3/3 - d**2 + 21*d. Suppose p + p = -6. Give a(p).
-8
Let a(k) = -4*k + 4. Let r(o) = -3*o + 4. Let s(j) = 4*a(j) - 5*r(j). Suppose 42*i + 40 = 34*i. Calculate s(i).
1
Let i(o) be the second derivative of -o**3/6 + 5*o**2/2 + 2*o - 11. What is i(-7)?
12
Let y(w) = -519 - 530 - 2*w**2 + 1052. Give y(-3).
-15
Suppose -140*v + 136*v + 36 = 0. Let w(r) = -r**3 + 10*r**2 - 7*r - 9. Give w(v).
9
Let h(m) = m**3 + 7*m**2 + 10*m + 15. Suppose -49*o = 279 - 34. Give h(o).
15
Let t(n) = -n**3 - 4*n**2 - n - 4. Let v be 20 + 4 + -9 - 2. Suppose -1 + v = -4*c. Give t(c).
-10
Suppose 7*x - 5*x + 14 = 0. Let j(v) be the third derivative of -7*v**2 + 1/60*v**5 + 0 - 1/2*v**3 + 0*v + 1/4*v**4. What is j(x)?
4
Let x(r) = -3*r**3 - 15*r**2 - 34*r + 5. Let d(z) = z**3 + 4*z**2 + 8*z - 1. Let t(v) = 9*d(v) + 2*x(v). Determine t(-2).
-7
Suppose 37 = 2*d - 5. Let a(j) = j**2 + 30*j + 5 - 16*j - d*j. What is a(5)?
-5
Let d(p) = -p**3 + 7. Let k be 22 + 8/(-12)*-6. Let m = k + -26. Determine d(m).
7
Let j(n) = -41*n - 23. Let z(t) = 7*t + 4. Let l(w) = -6*j(w) - 34*z(w). Determine l(3).
26
Suppose 0 = 4*r - 7 - 13. Let x(a) = -5 - 1 + 5 + r*a. Let u be (-36)/17 - (-10)/85. Determine x(u).
-11
Suppose 4*r = 65 - 177. Let q be (-14)/(-91) + r/13. Let i(x) = -9*x - 2. What is i(q)?
16
Let f(x) = x + 8. Let y be f(-6). Let g(o) = -2 + 2*o**2 - 3*o + y*o**2 - o**3 + o. Suppose -221 = 4*i - 229. Give g(i).
2
Let x(p) be the second derivative of -p**3/6 + 5*p**2/2 - 4*p. Let n = 4 + -17. Let v(l) = -l**3 - 12*l**2 + 14*l + 17. Let r be v(n). Determine x(r).
1
Let p(m) = 6*m - 4*m - 4*m - 2 - 2. Let k be p(-4). Suppose k*l + 3 = 3*l. Let a(f) = -5*f - 4. Calculate a(l).
11
Let i(o) = -2*o**3 + 58*o**2 - 19*o - 23. Let w(g) = g**3 - 26*g**2 + 9*g + 12. Let b(q) = 3*i(q) + 7*w(q). What is b(7)?
8
Let c(b) = b - 1. Let d(n) = n**2 + 6*n. Let f be d(-1). Calculate c(f).
-6
Let h = -31 - -33. Let w(s) = 5*s - 6 - 3 - 2*s + h. What is w(6)?
11
Let y(o) = 13*o - 11*o - 11*o + 8 - 9*o**2 + 8*o**2. Let k be 58/(-6) + 2/(-6). Determine y(k).
-2
Let j(s) = -s**3 - 3*s**2 + s + 4. Let b be (-12)/16 - (-1710)/(-24). Let c be ((b/15)/4)/(10/25). What is j(c)?
1
Suppose 1203 = 51*x + 1101. Let z(r) be the third derivative of -1/60*r**5 + 0*r**3 + 1/12*r**4 + r**2 + 0*r + 0. Give z(x).
0
Let q(o) = -o**3 - 4*o**2 + 4*o - 11. Let a be q(-5). Let t = -3 - -6. Let w(f) = 4*f**3 + 2 - t*f**3 - 7*f - 7*f**2 + 2*f - 2*f**3. What is w(a)?
-4
Let w(a) = -5*a + 1. Let y(n) = 81*n - 18. Let i(o) = -33*w(o) - 2*y(o). What is i(-6)?
-15
Let u = 107 - 104. Let w be 14/u - (-3)/27*3. Let v(d) = -d - 1. What is v(w)?
-6
Let v(x) be the second derivative of -1/2*x**3 - 7/2*x**2 + 0 - 22*x + 1/12*x**4. Let y = 6 - 0. Calculate v(y).
11
Let x(c) = -6*c**2 - c - 1. Let y = 19 + -31. Let d be (3/9 - (-16)/y)*1. What is x(d)?
-6
Let k(f) = -2*f - 9. Suppose -5*w = 4*r - 141, -7 + 3 = 4*r. Suppose -4*v + 5 = w. Calculate k(v).
3
Let x(p) be the third derivative of 0*p - 2/15*p**5 + 13/6*p**3 + 11/24*p**4 + 0 - 1/120*p**6 + 40*p**2. Give x(-9).
-5
Let x(i) = -i**3 + 17*i**2 + i - 23. Let l be x(17). Let n(c) = c + 10. Determine n(l).
4
Let x be 0 - -1 - (-4 + -1). Suppose -x*f + 15 = -f. Suppose -f*r = -5*c - 13, 0 = -c + 2*c + 2*r. Let w(k) = -3*k - 3. Calculate w(c).
3
Let c(u) be the second derivative of -u**5/20 - 2*u**4/3 + 3*u**3/2 + 9*u**2/2 + u + 6. What is c(-9)?
9
Suppose -2*i + i + 2*k + 3 = 0, i - 5*k + 3 = 0. Let h(t) = -4*t + 10. Calculate h(i).
-18
Let q(w) = w**2 + 4*w - 6. Let c = 8 + 4. Let y be 9*(56/c)/(-7). Calculate q(y).
6
Let d(k) = 8*k. Let n = -13 - -13. Suppose -l - 14 = -n*o - 4*o, o - 1 = -l. Suppose o*h - 2*u = -u - 7, -h + 3 = u. What is d(h)?
-8
Let f = 0 + -6. Let b(g) be the third derivative of g**4/24 + 2*g**3/3 + 348*g**2. Determine b(f).
-2
Let u(k) = k**3 + 3*k**2 - 2*k - 1. Suppose -5*h = m - 33, m - 32 = 3*h + 9. Let s be (-3)/(-6)*2 - m. Let x = 34 + s. Calculate u(x).
5
Let w(z) = z**3 - z. Let a(b) = 3*b**3 - 7*b**2 - 6*b - 8. Let n(c) = a(c) - 4*w(c). What is n(-7)?
6
Let t(a) = a**3 + 7*a**2 + 7*a + 9. Let q(k) = -1 - 9 - k**3 + 19*k - 8*k + 2 + 7*k**2. Let p be q(8). Suppose -2*n - 2 = -3*c - p, 3*n = -c - 12. Give t(c).
3
Let u(f) = -6*f**3 - 11*f**2 - 3*f + 32. Let l(a) = -7*a**3 - 10*a**2 - a + 31. Let x(n) = 5*l(n) - 6*u(n). What is x(-15)?
-7
Let n = 12 - 17. Let y(s) = -s - 84 + 6*s + 0*s**2 + 0*s + s**2 + 81. Calculate y(n).
-3
Suppose -3*w = 3*s, -3*s + 5*s - 2*w = 4. Suppose n + 7 = s. Let g(m) be the third derivative of m**4/24 + 5*m**3/6 + m**2 - 347*m. Give g(n).
-1
Let i(c) = 9 + 36*c**2 - 127*c**2 + 90*c**2. What is i(0)?
9
Let x(d) = d**2 + d + 12. Let u(w) = -2*w**2 - 2*w - 26. Let s(v) = 4*u(v) + 9*x(v). What is s(0)?
4
Let v(r) = -r**2 + 6*r + 4. Suppose 5*t = 3*t - 30. Let j be (-1)/(-5) + (-102)/t. Determine v(j).
-3
Let m(c